{"id":4181,"date":"2022-09-24T16:32:33","date_gmt":"2022-09-24T16:32:33","guid":{"rendered":"http:\/\/smi2000.net\/wpsmiweb2\/index.php\/politica-de-privadesa\/"},"modified":"2022-10-18T05:30:06","modified_gmt":"2022-10-18T05:30:06","slug":"politica-de-privadesa","status":"publish","type":"page","link":"https:\/\/web.smi2000.net\/index.php\/politica-de-privadesa\/?lang=ca","title":{"rendered":"Pol\u00edtica de Privadesa"},"content":{"rendered":"\n<p><\/p>\n\n<h3 class=\"wp-block-heading\" id=\"001\"><strong>POL\u00cdTICA DE PRIVADESA<\/strong><\/h3>\n\n<figure class=\"wp-block-table is-style-stripes\"><table><tbody><tr><td>RESPONSABLE<\/td><td>SOLUCIONS MEC\u00c0NIQUES INTEGRALS 2000, SL<\/td><\/tr><tr><td>FINALITAT<\/td><td>ATENCI\u00d3 AL CLIENT<\/td><\/tr><tr><td>LEGITIMACI\u00d3<\/td><td>CONSENTIMENT INTERESSAT<\/td><\/tr><tr><td>DESTINATARIS<\/td><td>NO SE CEDIRAN DADES PERSONALS A TERCERS<\/td><\/tr><tr><td>DRETS<\/td><td>Dret d&#8217;acc\u00e9s, rectificaci\u00f3 i supressi\u00f3, aix\u00ed com altres drets com s&#8217;explica a la informaci\u00f3 addicional<\/td><\/tr><tr><td>INFORMACI\u00d3 ADDICIONAL<\/td><td>+ INFO sobre pol\u00edtica de PROTECCI\u00d3 DE DADES<\/td><\/tr><\/tbody><\/table><\/figure>\n<p><\/p>\n\n<h3 class=\"wp-block-heading\" id=\"001\"><strong>SOBRE PROTECCI\u00d3 DE DADES<\/strong><\/h3>\n\n<p>En compliment de la normativa vigent en mat\u00e8ria de PROTECCI\u00d3 DE DADES, us informem que les dades personals que s\u00f3n recollides en aquest formulari seran incloses en un fitxer titularitat de SOLUCIONES MEC\u00c0NIQUES INTEGRALS 2000, SL i que seran tractades amb la m\u00e0xima confidencialitat i amb el comprom\u00eds de complir amb la legislaci\u00f3 en mat\u00e8ria de protecci\u00f3 de dades de car\u00e0cter personal.<\/p>\n\n<p><\/p>\n\n<p><\/p>\n\n<h3 class=\"wp-block-heading\"><strong>INFORMACI\u00d3 ADDICIONAL SOBRE PROTECCI\u00d3 DE DADES<\/strong><\/h3>\n\n<figure class=\"wp-block-table is-style-stripes\"><table><tbody><tr><td>IDENTITAT<\/td><td>SOLUCIONS MEC\u00c0NIQUES INTEGRALS 2000, SL<\/td><\/tr><tr><td>CIF<\/td><td>B-64571375<\/td><\/tr><tr><td>Inscrip. Reg Merc. BCN<\/td><td>Volum 39.667, foli 43, Full B350105<\/td><\/tr><tr><td>Adre\u00e7a postal<\/td><td>Av. Ragull 50, 2-1 08173 Sant Cugat del Vall\u00e8s. Barcelona, Espanya<\/td><\/tr><tr><td>Adre\u00e7a electr\u00f2nica<\/td><td><a href=\"mailto:info@smi2000.net\">info@smi2000.net<\/a><\/td><\/tr><tr><td>Tel\u00e8fon<\/td><td>+34 935 878 744<\/td><\/tr><\/tbody><\/table><\/figure>\n<p><\/p>\n\n<p>La recollida i el tractament d&#8217;automatitzat de les dades de car\u00e0cter personal facilitades per vost\u00e8 t\u00e9 com a finalitat l&#8217;ATENCI\u00d3 PERSONALITZADA DE LA SEVA CONSULTA i sempre que constem expressament autoritzats, INFORMAR-LO DE LES NOVETATS DE L&#8217;EMPRESA.<\/p>\n\n<p>Les vostres dades personals seran mantingudes exclusivament durant el temps necessari per tramitar la vostra petici\u00f3 i, quan constem de forma pr\u00e8via autoritzades, mentre hi hagi un inter\u00e8s comercial actiu.<\/p>\n\n<p>En cap cas no es procedir\u00e0 al tractament automatitzat de les seves dades.<\/p>\n\n<p>La base jur\u00eddica del tractament respon a la consulta realitzada pel titular de les dades personals per la qual cosa la negativa a facilitar aquestes impediria poder atendre&#8217;n la consulta.<\/p>\n\n<p>Les dades tractades seran utilitzades de forma exclusiva per a les finalitats recollides, no existir\u00e0 transfer\u00e8ncia a tercers pa\u00efsos, ni seran cedides a terceres persones.<\/p>\n\n<p>En compliment de la normativa de Protecci\u00f3 de Dades us informem que teniu dret a sol\u00b7licitar l&#8217;acc\u00e9s a les vostres dades personals, sol\u00b7licitar-ne la rectificaci\u00f3 o supressi\u00f3, sol\u00b7licitar la limitaci\u00f3 del vostre tractament, a oposar-vos-hi ia sol\u00b7licitar la portabilitat de les vostres dades.<\/p>\n\n<p>Podr\u00e0 exercir els anteriors drets pr\u00e8via acreditaci\u00f3 de la seva identitat de forma directa a trav\u00e9s del present web oa trav\u00e9s d&#8217;algun dels mitjans seg\u00fcents: l&#8217;adre\u00e7a postal del responsable, al tel\u00e8fon +34 935 878 744 o l&#8217;adre\u00e7a de correu electr\u00f2nic <a href=\"mailto:info@smi2000.net\">info@smi2000 .net<\/a> .<\/p>\n\n<p>Aix\u00ed mateix, t\u00e9 dret a reclamar davant l&#8217;Autoritat de Control en mat\u00e8ria de protecci\u00f3 de dades.<\/p>\n\n<p>SOLUCIONES MEC\u00c0NIQUES INTEGRALS 2000, SL ha adoptat les mesures t\u00e8cniques necess\u00e0ries per mantenir el nivell requerit de seguretat segons la naturalesa de les dades personals tractades i les circumst\u00e0ncies del tractament amb l&#8217;objectiu d&#8217;evitar, tant com sigui possible i segons l&#8217;estat de la t\u00e8cnica, l&#8217;alteraci\u00f3, la p\u00e8rdua, el tractament o l&#8217;acc\u00e9s no autoritzat a les vostres dades personals.<\/p>\n","protected":false},"excerpt":{"rendered":"<p>POL\u00cdTICA DE PRIVADESA RESPONSABLE SOLUCIONS MEC\u00c0NIQUES INTEGRALS 2000, SL FINALITAT ATENCI\u00d3 AL CLIENT LEGITIMACI\u00d3 CONSENTIMENT INTERESSAT DESTINATARIS NO SE CEDIRAN DADES PERSONALS A TERCERS DRETS Dret d&#8217;acc\u00e9s, rectificaci\u00f3 i supressi\u00f3, aix\u00ed com altres drets com s&#8217;explica a la informaci\u00f3 addicional INFORMACI\u00d3 ADDICIONAL + INFO sobre pol\u00edtica de PROTECCI\u00d3 DE DADES SOBRE PROTECCI\u00d3 DE DADES En [&hellip;]<\/p>\n","protected":false},"author":1,"featured_media":0,"parent":0,"menu_order":0,"comment_status":"closed","ping_status":"closed","template":"","meta":{"footnotes":""},"class_list":["post-4181","page","type-page","status-publish","hentry"],"_links":{"self":[{"href":"https:\/\/web.smi2000.net\/index.php\/wp-json\/wp\/v2\/pages\/4181","targetHints":{"allow":["GET"]}}],"collection":[{"href":"https:\/\/web.smi2000.net\/index.php\/wp-json\/wp\/v2\/pages"}],"about":[{"href":"https:\/\/web.smi2000.net\/index.php\/wp-json\/wp\/v2\/types\/page"}],"author":[{"embeddable":true,"href":"https:\/\/web.smi2000.net\/index.php\/wp-json\/wp\/v2\/users\/1"}],"replies":[{"embeddable":true,"href":"https:\/\/web.smi2000.net\/index.php\/wp-json\/wp\/v2\/comments?post=4181"}],"version-history":[{"count":1,"href":"https:\/\/web.smi2000.net\/index.php\/wp-json\/wp\/v2\/pages\/4181\/revisions"}],"predecessor-version":[{"id":4183,"href":"https:\/\/web.smi2000.net\/index.php\/wp-json\/wp\/v2\/pages\/4181\/revisions\/4183"}],"wp:attachment":[{"href":"https:\/\/web.smi2000.net\/index.php\/wp-json\/wp\/v2\/media?parent=4181"}],"curies":[{"name":"wp","href":"https:\/\/api.w.org\/{rel}","templated":true}]}}